. Let h be y(-6). Suppose h*m + 12 = 3*m. Let f(q) = -4*q + 5. Calculate f(m).
-11
Let x(g) = -g + 8. Let b(n) = -2 + 1 + 4. Let d = 34 - 36. Let f(a) = d*x(a) + 7*b(a). Determine f(-4).
-3
Let r(z) = -2*z - 1. Let u(x) = 1. Let t(y) = 2*y. Let k(i) = -t(i) - 2*u(i). Let g(j) = -4*k(j) + 5*r(j). Calculate g(3).
-3
Let h(v) = 3*v + 6. Suppose x - 7 = -2*k + 5, 0 = -2*k - 5*x + 12. Let t be (-4)/k + (-30)/9. Give h(t).
-6
Let a(x) be the second derivative of -x**3/3 - 2*x**2 - 2*x. Determine a(-6).
8
Let u = -27 + 45. Suppose 5*m = u + 2. Let i(l) = l**3 - 5*l**2 + 3*l - 1. Determine i(m).
-5
Let j(o) be the first derivative of o**7/840 - o**5/120 - o**4/12 + 2*o**3/3 + 3. Let g(f) be the third derivative of j(f). Give g(2).
4
Let d(c) = -2 + 3 + 4*c - 3*c. Let t = 54 + -54. Calculate d(t).
1
Let p(k) = -48*k + k**2 - 5*k**3 + 49*k - 3*k**3 + k**3. What is p(-1)?
7
Let n(h) = 2*h + 1. Suppose -4*w + 30 = w + 5*c, 5*c + 47 = 2*w. Let t(d) = -6*d - 3. Let r(p) = w*n(p) + 4*t(p). Calculate r(-3).
5
Let l(a) = -a**2 + 3. Let b(m) = -m**3 - 7*m**2 - 3*m - 5. Let v be b(-7). Let u be 2/4 - 8/v. Suppose -2*f + 10 = 4*r, u*r = r + f - 5. Give l(r).
3
Let h(l) = -l**3 + 6*l**2 + 7*l + 1. Let v be h(7). Let j(y) = 4 + y - 5 - v. What is j(-3)?
-5
Suppose 9*x = 11*x - 8. Let k(v) = v**2 - 3. Determine k(x).
13
Let v(u) = -u**2 + 7*u**2 - 3*u**2 - 6*u**3 - 4*u**2 - 1 - 2*u. Give v(-1).
6
Let n be ((-2)/2 - -1)/(-9 + 8). Let z(r) be the third derivative of -r**2 - 1/24*r**4 + 0*r + n + 2/3*r**3. Give z(5).
-1
Let z(p) = p**2 - 4*p - 4. Suppose 92 = 5*f - x, 3*f - 3*x - 52 = -4*x. Suppose 4*b + 0*b + 2*q - f = 0, -5 = -b - q. What is z(b)?
-4
Let k be (4/1)/((-14)/21). Let q be (k + 3)/(-1)*-1. Let d(y) = -y + 3 - y**2 + 0 + 0*y. Give d(q).
-3
Let f(z) = -3*z - 2. Let q(i) = 13*i + 9. Let t(m) = -9*f(m) - 2*q(m). Determine t(1).
1
Let y(r) = 4*r + 35. Let a be y(-10). Let b(w) = -w - 5. Give b(a).
0
Let u(f) = f**2 - 3*f + 2. Let j be u(3). Suppose -4*q = -4*w + 20, 5*q - j*w = -3*w - 1. Let n(c) = c + 1 + 3 - 3. Give n(q).
0
Let h(u) be the third derivative of 2*u**2 - 1/60*u**6 + 0 + 0*u - 1/12*u**4 - 1/15*u**5 + 0*u**3. Give h(-2).
4
Let p(t) = 31 - 11 - t - 16. Let a be p(7). Let q(o) = -o**2 - 5*o - 2. Determine q(a).
4
Let p(n) be the first derivative of 4 - 5 + 7*n**2 - 8*n**2 + 4. Calculate p(2).
-4
Let k(q) = 2*q + 2. Let x(b) = 8*b + 8. Let n(r) = 9*k(r) - 2*x(r). Suppose 0 = 4*z - 244 + 232. What is n(z)?
8
Let c(f) = 9*f**2 + 7*f**2 - 10*f**2 - 10*f - 5*f**2 - 4. What is c(11)?
7
Let a(q) be the first derivative of 2 + 5/3*q**3 + 0*q + 3/2*q**2 + 1/4*q**4. Calculate a(-3).
9
Suppose 0 = 3*u + u - 24. Let t(l) = -l**2 + 6*l + 5. Determine t(u).
5
Let c be (20/(-8) - -2)*-12. Let l(j) = j + 1. Calculate l(c).
7
Let p(t) = -4 + 2 - 3*t - 5. Suppose 5*i - 24 = -4*y + 3*i, 2*y - 12 = i. Let m(o) = o**2 - 6*o - 6. Let h be m(y). Give p(h).
11
Let m(j) = j**3 - 17*j**2 + 16*j + 3. Let o be m(16). Let l(t) be the second derivative of -2*t**2 + 1/6*t**o + 0 + t. Calculate l(0).
-4
Let o(u) = 5*u**3 - 4*u**2 + 9*u. Let a(n) = 6*n**3 - 5*n**2 + 10*n. Let l(c) = -6*a(c) + 7*o(c). Give l(3).
0
Let j(x) be the first derivative of -x**3/3 + 7*x**2/2 - 5*x - 26. Determine j(4).
7
Let s = 20 + -2. Let r(w) = -w - 4. Let g be r(-7). Suppose -s = -4*l - g*f - 2*f, l - f = 0. Let y(x) = -x**3 + 5*x**2 - 3*x + 1. Calculate y(l).
7
Let j(c) = c**3 - 3*c**2 + 1. Let q be j(3). Let g(t) = q - t**3 + 1 + 3 - 6. Give g(-2).
7
Let m(q) be the first derivative of 7*q + 1/2*q**2 - 1/3*q**3 + 2. Determine m(0).
7
Let h be (8/(-12))/((-4)/18). Let u(g) be the first derivative of 5*g - 1 + 5/2*g**2 - 1/3*g**h. Give u(5).
5
Let v(l) = -7*l - 1. Let m = 117 - 118. Calculate v(m).
6
Suppose 7 = -4*a - 5. Let b = a + 2. Let p(z) = -4*z**3 - 2*z**2 - z. Let r be p(b). Let t(i) = -i**2 + 4*i + 4. Determine t(r).
7
Let y(a) = 3*a - 12. Let w(l) = -l**3 + 3*l + 2. Let u be w(-2). Let f(p) = 2*p - 11. Let k(o) = u*f(o) - 3*y(o). Calculate k(6).
-14
Let t(f) = -6*f + 6. Let h be t(-5). Suppose -2*x = -4*r + 2*x + h, -2*r = -3*x - 23. Let o(k) = k**3 - 5*k**2 + 4*k + 5. What is o(r)?
5
Let s(r) = -r**3 - 12*r**2 + 14*r + 19. Suppose 0 = -7*q - 7 - 84. What is s(q)?
6
Let h(k) = -2*k**3 + 4*k**2 - 4*k + 3. Let a be h(2). Let s(n) = -2*n - 1. Let u(q) = 5*q + 3. Let z(p) = 9*s(p) + 4*u(p). Calculate z(a).
-7
Let n(p) = p**3 - 10*p**2 + 10*p - 3. Let w(l) = 2*l**3 - 21*l**2 + 21*l - 6. Let r(g) = -7*n(g) + 3*w(g). Let v = 8 - 2. What is r(v)?
-3
Let n(i) = 4*i + i - 2*i - 3 - 2*i. Let d(a) = a - 7. Let y(z) = -4*d(z) + 9*n(z). Let v be -1 - (1 - 2)*0. Give y(v).
-4
Let r be (-13)/(-5) - (-4)/10. Let k be ((-2)/(-3))/((-1)/r). Let b(x) = x**3 + 2*x**2 + 1. What is b(k)?
1
Let w(s) = 2*s**2 - 11*s - 1. Let x be w(6). Let q(d) = d - 1. Calculate q(x).
4
Let n(b) = 2*b**2 + b + 3. Let v(m) = 0 + 1 + m**2 + 9*m - 8*m. Let q(g) = -2*n(g) + 5*v(g). Give q(-4).
3
Suppose 2*a + 22 = -3*i, 8 = 3*i - 6*a + 2*a. Let u be (i - -5) + (-2 - -4). Let d(y) = -y**2 + 5*y - 3. What is d(u)?
3
Let q(o) = -o**3 + 2*o**2 - 2*o. Let g be 3*((-80)/(-12))/4. Suppose -8 = -7*z + 3*z + g*h, h + 10 = 5*z. Determine q(z).
-4
Let k(v) = 1. Let h(x) = -x - 7. Let o(c) = h(c) + 3*k(c). What is o(4)?
-8
Let g(p) = -5*p - 1. Let m be g(-1). Suppose -4 - 16 = 5*a. Let o(y) = -9*y**2 + 19*y - 2. Let b(d) = 5*d**2 - 10*d + 1. Let n(l) = a*o(l) - 7*b(l). Give n(m).
-7
Let l(o) = o + 1. Let u(c) = c**2 + 4*c + 4. Let k(f) = 4*l(f) - u(f). Suppose -2*h - 8 = -3*y, h + 5*y + 6 - 2 = 0. Let d be 2/(-4) + (-6)/h. Calculate k(d).
-1
Let w(p) be the first derivative of -p**4 + p**3 - 4*p + 7. Let m(k) = -11*k**3 + 10*k**2 - k - 12. Let q(g) = -3*m(g) + 8*w(g). Determine q(5).
-6
Let r(i) be the first derivative of -i**2/2 - i - 16. Determine r(4).
-5
Let x be (-1)/(0 - 2/(-10)). Let t(n) = 2*n - 9. Let a(u) = -3*u + 10. Let w(h) = 4*a(h) + 5*t(h). Calculate w(x).
5
Suppose -23 + 5 = -6*z. Let u(p) = -p**3 + 2*p**2 - 1. Give u(z).
-10
Let v(a) = a**3 + 5*a**2 + 2*a + 3. Let o = 5 + -5. Suppose 0 = -r + 2. Let x = o - r. Determine v(x).
11
Let o(c) = c + c**3 + 4*c**2 - 1 - 3*c**2 - 3*c. Determine o(-2).
-1
Suppose 3*a - 4*a = 4. Let q be 27/12 - (-1)/a. Suppose 5*p - 20 = -2*y, 8 = q*p - 0*p + y. Let l(h) = 2*h - 3. What is l(p)?
5
Let u(m) be the second derivative of 1/20*m**5 + 0 + 1/3*m**3 - 3*m - 1/2*m**4 - 7/2*m**2. Calculate u(6).
5
Let z(s) = 7*s**2 - 2. Let q = 33 + -31. What is z(q)?
26
Let b be (-20)/(-6) + 10/(-30). Let u(t) be the third derivative of b*t**2 + 0 + 1/2*t**3 - 1/24*t**4 + 0*t. Calculate u(-4).
7
Let f(c) = 8. Let v(t) = t - 1 + 10 + 5 - 5. Let y(r) = 3*f(r) - 2*v(r). Determine y(5).
-4
Suppose 0 = -0*p + 3*p. Let h(a) = -a - 1. Determine h(p).
-1
Suppose -8 = -0*y - y. Suppose t = -3*k, 2*t + 2*t - y = -4*k. Let q(j) = j**3 - 2*j**2 - j. Calculate q(t).
6
Let f(r) be the first derivative of -r**3/3 + 11*r**2/2 - 13*r + 8. Give f(9).
5
Let t(i) = -i**3 - 5*i**2 - 5*i - 1. Let p(v) = -v**3 - 5*v**2 - 4*v - 3. Let k be p(-3). Let q be 6/2 - (2 + -4). Let g = k + q. Give t(g).
3
Let o be 0/(3 - (1 + 1)). Let c(k) = 3*k**2 - k - 3. Let j(v) = v**2 - v + 1. Let h(g) = c(g) - 2*j(g). Calculate h(o).
-5
Let b(r) = -5*r + 5. Let i(k) = -9*k + 10. Let d(s) = -11*b(s) + 6*i(s). What is d(-5)?
0
Let t(s) be the first derivative of 1/3*s**3 - 3 + 2*s + 5/2*s**2. What is t(-5)?
2
Let t(a) be the third derivative of -a**7/280 + a**6/720 + a**4/12 + 8*a**2. Let d(r) be the second derivative of t(r). Calculate d(1).
-8
Let j(u) = 3*u**2 - 4*u - 3. Let w = 3 - 5. Calculate j(w).
17
Let t(x) = -2*x - 13 + x + 15. What is t(7)?
-5
Let o(c) be the first derivative of -c**4/12 - 3*c**3/2 - 2*c**2 + 3. Let n(f) be the second derivative of o(f). Determine n(-6).
3
Let b(l) = l**3 + 11. Let v(m) = -m**2 + 5*m - 6. Let r be v(2). Calculate b(r).
11
Let k(d) be the second derivative of -d**5/20 - d**4/2 - 5*d**3/6 - 3*d**2 - 23*d. Calculate k(-5).
-6
Let f(a) = -3*a + 3*a - 3*a + 4 + a - a**2. Determine f(-4).
-4
Let h be (-1)/(22/12 - 2). Let q(t) = t**2 - 5*t - 7. What is q(h)?
-1
Suppose 4*x + 5 = -7. Let v(r) = -r - 5. What is v(x)?
-2
Let l(h) = -h**3 - 2*h**2 + 2*h + 2. Suppose 2*i - 6 = -4*d - i, -2*i + 11 = 5*d. Suppose d*t +